
Convert 202 (base 3) to base 13.
17
Convert 12 (base 9) to base 3.
102
Convert 4 (base 6) to base 15.
4
Convert -5 (base 10) to base 6.
-5
What is -212 (base 3) in base 9?
-25
1 (base 5) to base 9
1
Convert 7 (base 16) to base 7.
10
What is -101 (base 3) in base 2?
-1010
2 (base 15) to base 10
2
What is 6 (base 7) in base 15?
6
Convert -111 (base 6) to base 11.
-3a
What is -2 (base 3) in base 11?
-2
11 (base 2) to base 10
3
Convert 11222 (base 3) to base 15.
8e
Convert -6 (base 10) to base 5.
-11
Convert 0 (base 16) to base 15.
0
Convert 2 (base 9) to base 13.
2
Convert -8d (base 14) to base 3.
-11122
4 (base 14) to base 5
4
What is -71 (base 13) in base 11?
-84
-2 (base 14) to base 9
-2
463 (base 9) to base 16
17d
Convert 27 (base 8) to base 9.
25
2 (base 15) to base 2
10
Convert -413 (base 8) to base 11.
-223
-34 (base 7) to base 11
-23
Convert -2 (base 6) to base 5.
-2
What is -23 (base 6) in base 9?
-16
1 (base 11) to base 3
1
Convert 23 (base 6) to base 5.
30
What is 2 (base 9) in base 3?
2
122 (base 3) to base 5
32
-110100 (base 2) to base 11
-48
-13 (base 10) to base 3
-111
Convert 322 (base 5) to base 6.
223
Convert -305 (base 6) to base 9.
-135
-88 (base 13) to base 3
-11011
Convert -70 (base 10) to base 12.
-5a
0 (base 12) to base 11
0
Convert -197 (base 10) to base 6.
-525
Convert -14 (base 13) to base 12.
-15
What is 7 (base 16) in base 7?
10
-1001101 (base 2) to base 12
-65
33 (base 7) to base 14
1a
What is 9 (base 11) in base 12?
9
Convert -8 (base 11) to base 7.
-11
-12 (base 6) to base 14
-8
0 (base 3) to base 4
0
What is -1b (base 13) in base 5?
-44
What is -10 (base 6) in base 14?
-6
What is 0 (base 3) in base 6?
0
What is 21 (base 6) in base 16?
d
Convert -5 (base 9) to base 4.
-11
-2122 (base 3) to base 16
-47
Convert -5 (base 13) to base 2.
-101
What is -11 (base 2) in base 8?
-3
Convert 7 (base 12) to base 14.
7
50 (base 8) to base 4
220
Convert 1010 (base 2) to base 7.
13
1 (base 4) to base 8
1
Convert 11 (base 2) to base 4.
3
4 (base 6) to base 10
4
-222 (base 4) to base 7
-60
Convert 101010011 (base 2) to base 4.
11103
What is -1 (base 12) in base 9?
-1
-11000 (base 3) to base 5
-413
Convert 37 (base 13) to base 15.
31
What is -1334 (base 6) in base 16?
-15a
-3 (base 11) to base 9
-3
What is 4 (base 11) in base 4?
10
What is 1 (base 13) in base 8?
1
Convert 1201 (base 3) to base 16.
2e
What is -11011 (base 2) in base 16?
-1b
What is -14 (base 14) in base 12?
-16
What is 113 (base 13) in base 3?
20212
6 (base 13) to base 15
6
Convert -31 (base 9) to base 4.
-130
-32 (base 10) to base 15
-22
What is -124 (base 8) in base 4?
-1110
Convert 1010 (base 2) to base 14.
a
What is 22 (base 14) in base 12?
26
What is 15 (base 10) in base 14?
11
-32 (base 5) to base 2
-10001
What is 14 (base 10) in base 7?
20
Convert 3 (base 15) to base 5.
3
-4b (base 16) to base 12
-63
Convert -2 (base 3) to base 8.
-2
-11 (base 9) to base 7
-13
-200 (base 3) to base 16
-12
Convert -10 (base 2) to base 8.
-2
What is -220 (base 5) in base 16?
-3c
Convert -7 (base 13) to base 7.
-10
What is -8 (base 14) in base 16?
-8
16 (base 11) to base 15
12
15 (base 10) to base 12
13
221 (base 5) to base 14
45
What is 58 (base 15) in base 10?
83
-10011010 (base 2) to base 9
-181
What is -66 (base 7) in base 3?
-1210
Convert 33 (base 5) to base 16.
12
What is 15 (base 6) in base 8?
13
17 (base 16) to base 2
10111
What is 302 (base 5) in base 11?
70
Convert -212 (base 3) to base 16.
-17
What is -424 (base 5) in base 10?
-114
99 (base 13) to base 10
126
-131 (base 5) to base 2
-101001
-3 (base 12) to base 9
-3
-3a (base 12) to base 7
-64
What is -10110 (base 2) in base 6?
-34
-1d (base 14) to base 5
-102
Convert -3 (base 9) to base 15.
-3
Convert 15 (base 6) to base 9.
12
Convert 2 (base 16) to base 5.
2
60 (base 8) to base 11
44
Convert 2 (base 7) to base 14.
2
Convert -34 (base 5) to base 9.
-21
201 (base 4) to base 6
53
What is 31 (base 6) in base 13?
16
What is 1 (base 12) in base 11?
1
-11 (base 4) to base 15
-5
-17 (base 16) to base 11
-21
What is -1 (base 15) in base 7?
-1
-21 (base 4) to base 12
-9
What is -c (base 13) in base 5?
-22
-7 (base 10) to base 16
-7
What is 312 (base 9) in base 13?
167
What is -4 (base 8) in base 2?
-100
0 (base 5) to base 11
0
Convert -5d (base 16) to base 10.
-93
4 (base 11) to base 16
4
Convert -136 (base 8) to base 2.
-1011110
What is -3 (base 5) in base 9?
-3
Convert -201 (base 3) to base 11.
-18
Convert 1223 (base 5) to base 15.
c8
What is -2 (base 9) in base 14?
-2
What is -3c (base 14) in base 12?
-46
60 (base 9) to base 4
312
What is -17b (base 13) in base 5?
-2041
-11 (base 6) to base 11
-7
What is 1100111 (base 2) in base 15?
6d
What is -1010010 (base 2) in base 5?
-312
-6 (base 7) to base 14
-6
What is -b (base 12) in base 8?
-13
-3 (base 15) to base 14
-3
What is -2 (base 14) in base 8?
-2
Convert -11211 (base 3) to base 9.
-154
-4 (base 12) to base 13
-4
Convert -7 (base 13) to base 6.
-11
-b7 (base 12) to base 5
-1024
What is -20 (base 6) in base 9?
-13
What is -5 (base 16) in base 11?
-5
220 (base 3) to base 8
30
What is -2 (base 10) in base 16?
-2
Convert -4 (base 8) to base 13.
-4
What is 0 (base 3) in base 7?
0
Convert 2e (base 15) to base 2.
101100
0 (base 6) to base 11
0
Convert -6 (base 10) to base 15.
-6
7 (base 10) to base 12
7
What is -4 (base 9) in base 5?
-4
What is -31 (base 10) in base 13?
-25
What is -5 (base 12) in base 2?
-101
3 (base 11) to base 15
3
Convert 0 (base 7) to base 11.
0
Convert -37 (base 13) to base 3.
-1201
Convert -66 (base 12) to base 7.
-141
What is -74 (base 8) in base 7?
-114
What is 33 (base 4) in base 3?
120
-98 (base 16) to base 8
-230
Convert 8 (base 11) to base 7.
11
Convert 0 (base 14) to base 3.
0
What is -10101 (base 2) in base 12?
-19
Convert 1031 (base 4) to base 13.
5c
Convert 126 (base 11) to base 8.
225
Convert -11 (base 5) to base 16.
-6
4 (base 5) to base 7
4
331 (base 4) to base 10
61
55 (base 16) to base 5
320
Convert -eb (base 15) to base 13.
-140
1 (base 14) to base 4
1
Convert -1 (base 3) to base 7.
-1
Convert 110 (base 2) to base 7.
6
1 (base 7) to base 13
1
What is -7 (base 15) in base 2?
-111
What is 20 (base 5) in base 9?
11
What is -7 (base 13) in base 12?
-7
What is 26 (base 7) in base 10?
20
-6 (base 8) to base 10
-6
147 (base 8) to base 15
6d
What is -171 (base 8) in base 5?
-441
What is -2 (base 13) in base 14?
-2
What is 11000 (base 2) in base 6?
40
Convert 9 (base 15) to base 4.
21
Convert 19 (base 14) to base 11.
21
What is -3 (base 5) in base 8?
-3
Convert -1 (base 5) to base 4.
-1
Convert 5 (base 8) to base 16.
5
What is 0 (base 5) in base 15?
0
31 (base 8) to base 5
100
Convert -21 (base 3) to base 9.
-7
What is 21 (base 7) in base 11?
14
-148 (base 10) to base 9
-174
Convert 111 (base 2) to base 7.
10
Convert -24 (base 8) to base 6.
-32
Convert -142 (base 7) to base 3.
-2221
Convert 1101 (base 2) to base 14.
d
What is -7 (base 12) in base 3?
-21
What is 47 (base 14) in base 8?
77
What is 10 (base 14) in base 3?
112
-45 (base 7) to base 10
-33
Convert -9 (base 14) to base 15.
-9
-10200 (base 3) to base 9
-120
Convert 10001 (base 2) to base 12.
15
Convert -21 (base 5) to base 16.
-b
0 (base 10) to base 15
0
Convert 1 (base 11) to base 5.
1
Convert -12 (base 11) to base 16.
-d
What is -8 (base 12) in base 16?
-8
What is -1e (base 15) in base 7?
-41
Convert 28 (base 13) to base 2.
100010
What is -1 (base 2) in base 16?
-1
-110 (base 2) to base 9
-6
Convert -40 (base 12) to base 7.
-66
317 (base 11) to base 14
1d3
-4 (base 5) to base 8
-4
Convert 0 (base 15) to base 13.
0
-111 (base 2) to base 9
-7
What is -1323 (base 4) in base 11?
-102
2122 (base 3) to base 6
155
Convert -48 (base 16) to base 15.
-4c
Convert 25 (base 12) to base 14.
21
Convert 144 (base 5) to base 4.
301
Convert -4 (base 15) to base 16.
-4
68 (base 10) to base 11
62
What is -35 (base 8) in base 4?
-131
What is -1 (base 8) in base 5?
-1
What is 243 (base 9) in base 2?
11001001
-8 (base 16) to base 11
-8
What is 101 (base 6) in base 2?
100101
Convert -10 (base 8) to base 4.
-20
Convert 100100 (base 3) to base 2.
11111100
14 (base 5) to base 2
1001
What is 0 (base 16) in base 15?
0
What is 24 (base 8) in base 9?
22
Convert 0 (base 13) to base 12.
0
What is 33 (base 14) in bas